e prime factors of 887082967?
17, 52181351
What are the prime factors of 1295342082?
2, 3, 211, 341059
What are the prime factors of 3088202137?
421, 1637, 4481
List the prime factors of 50826812.
2, 12706703
List the prime factors of 67296741.
3, 22432247
What are the prime factors of 5695363845?
3, 5, 23, 1667, 3301
What are the prime factors of 181751251?
11, 16522841
What are the prime factors of 848216802?
2, 3, 17, 47, 176933
What are the prime factors of 191692112?
2, 2833, 4229
List the prime factors of 666380878.
2, 37, 137, 65731
What are the prime factors of 201647943?
3, 7, 1427, 2243
List the prime factors of 80717354.
2, 661, 61057
List the prime factors of 18646779.
3, 31, 37, 5419
List the prime factors of 4264510516.
2, 7, 152303947
List the prime factors of 668072622.
2, 3, 7, 151, 105341
What are the prime factors of 58125154?
2, 29062577
List the prime factors of 43679860.
2, 5, 7, 19, 16421
What are the prime factors of 942838645?
5, 7, 179, 21499
What are the prime factors of 13509106?
2, 13, 519581
List the prime factors of 142885478.
2, 71442739
What are the prime factors of 3260354999?
11, 296395909
List the prime factors of 16185931.
43, 376417
List the prime factors of 150840685.
5, 30168137
What are the prime factors of 1026782649?
3, 1091, 1291
What are the prime factors of 155858209?
13, 29, 413417
List the prime factors of 2045231878.
2, 1022615939
List the prime factors of 488947764.
2, 3, 40745647
What are the prime factors of 1565119051?
73, 21439987
List the prime factors of 387160523.
659, 587497
What are the prime factors of 1072033956?
2, 3, 7, 23, 26423
What are the prime factors of 378368097?
3, 2179, 57881
List the prime factors of 2945040390.
2, 3, 5, 17, 449, 1429
List the prime factors of 252454198.
2, 619, 203921
List the prime factors of 47291826.
2, 3, 7881971
What are the prime factors of 402838683?
3, 13, 617, 16741
List the prime factors of 377234814.
2, 3, 11, 53, 107843
What are the prime factors of 141786265?
5, 19, 43, 61, 569
What are the prime factors of 3543548210?
2, 5, 354354821
List the prime factors of 345809142.
2, 3, 7, 157, 5827
List the prime factors of 13174763.
7, 563, 3343
What are the prime factors of 15948933?
3, 7, 11, 13, 47, 113
List the prime factors of 1423173294.
2, 3, 373, 70657
What are the prime factors of 723886742?
2, 361943371
What are the prime factors of 1111471178?
2, 1319, 421331
List the prime factors of 48342404.
2, 11, 99881
What are the prime factors of 1397546372?
2, 631, 553703
List the prime factors of 7451476392.
2, 3, 19, 83, 196879
What are the prime factors of 103700776?
2, 191, 67867
What are the prime factors of 206372005?
5, 7, 137, 193, 223
List the prime factors of 622393879.
622393879
What are the prime factors of 313311551?
7, 79, 566567
List the prime factors of 640530681.
3, 7, 2711, 11251
What are the prime factors of 591759853?
591759853
List the prime factors of 410473846.
2, 205236923
What are the prime factors of 404131462?
2, 7, 28866533
What are the prime factors of 221270701?
11411, 19391
What are the prime factors of 38755775?
5, 1550231
What are the prime factors of 54409871?
431, 126241
What are the prime factors of 201307311?
3, 151, 167, 887
List the prime factors of 46931266.
2, 101, 232333
What are the prime factors of 1640101204?
2, 7, 19, 23, 134039
List the prime factors of 7250900765.
5, 23, 523, 120557
What are the prime factors of 43338029?
7, 6191147
What are the prime factors of 2908903405?
5, 17, 359, 95327
What are the prime factors of 34752602?
2, 17376301
List the prime factors of 676363363.
13, 31, 1678321
List the prime factors of 18456779.
11, 149, 11261
What are the prime factors of 5092417654?
2, 2546208827
List the prime factors of 1385541210.
2, 3, 5, 97, 193, 2467
List the prime factors of 6088702692.
2, 3, 23, 1993, 11069
What are the prime factors of 2668419486?
2, 3, 353, 419959
What are the prime factors of 147588568?
2, 18448571
What are the prime factors of 2319444535?
5, 4519, 102653
What are the prime factors of 347606154?
2, 3, 7, 11353
List the prime factors of 408417031.
11, 41, 905581
List the prime factors of 621095659.
127, 4890517
What are the prime factors of 5589421647?
3, 19861, 93809
List the prime factors of 401482979.
101, 103, 38593
List the prime factors of 519131917.
519131917
What are the prime factors of 10679458?
2, 37, 277, 521
What are the prime factors of 4907039?
4907039
List the prime factors of 1427351886.
2, 3, 37, 1231, 1741
What are the prime factors of 558976122?
2, 3, 3823, 8123
List the prime factors of 2905440639.
3, 101, 9588913
What are the prime factors of 3242618?
2, 1621309
What are the prime factors of 106397790?
2, 3, 5, 3546593
List the prime factors of 2639068055.
5, 13, 4259, 9533
List the prime factors of 254400637.
254400637
List the prime factors of 270028997.
7, 37, 1042583
What are the prime factors of 1492020439?
7, 13, 131, 257, 487
What are the prime factors of 650720540?
2, 5, 73, 445699
What are the prime factors of 471544400?
2, 5, 953, 1237
List the prime factors of 37540769.
7, 5362967
What are the prime factors of 10237858?
2, 5118929
List the prime factors of 176623007.
11, 1723, 9319
List the prime factors of 237242682.
2, 3, 1464461
List the prime factors of 2239111789.
2239111789
List the prime factors of 2978985537.
3, 11, 47, 640229
List the prime factors of 26497288.
2, 17, 23, 43, 197
List the prime factors of 2963028882.
2, 3, 11, 4081307
List the prime factors of 152308377.
3, 13, 29, 1151
List the prime factors of 1134991785.
3, 5, 75666119
List the prime factors of 219019288.
2, 27377411
List the prime factors of 217650831.
3, 97, 747941
What are the prime factors of 2965352?
2, 13, 28513
List the prime factors of 2299945672.
2, 4421, 65029
What are the prime factors of 567832488?
2, 3, 37, 639451
List the prime factors of 54206241.
3, 18068747
List the prime factors of 79889040.
2, 3, 5, 7, 11, 131
List the prime factors of 44567254.
2, 983, 22669
What are the prime factors of 410356885?
5, 7459, 11003
List the prime factors of 120841290.
2, 3, 5, 71, 18911
What are the prime factors of 220248127?
11, 29, 690433
What are the prime factors of 56679772?
2, 14169943
List the prime factors of 67485360.
2, 3, 5, 281189
What are the prime factors of 7442957301?
3, 13, 127, 1502717
List the prime factors of 141286343.
11, 89, 277, 521
List the prime factors of 432944300.
2, 5, 163, 26561
What are the prime factors of 215308160?
2, 5, 336419
What are the prime factors of 1752054269?
7, 191, 239, 5483
What are the prime factors of 479315460?
2, 3, 5, 13, 179, 3433
List the prime factors of 2638121515.
5, 47, 101, 111149
List the prime factors of 472552774.
2, 17, 13898611
What are the prime factors of 280072966?
2, 11519, 12157
List the prime factors of 10631042.
2, 103, 51607
What are the prime factors of 950297624?
2, 23, 307, 16823
What are the prime factors of 30744585?
3, 5, 17, 40189
List the prime factors of 39975600.
2, 3, 5, 7, 4759
What are the prime factors of 732664378?
2, 809, 452821
List the prime factors of 244791464.
2, 281, 108893
List the prime factors of 69995808.
2, 3, 23, 10567
What are the prime factors of 492244646?
2, 246122323
List the prime factors of 718870712.
2, 7, 41, 73, 4289
What are the prime factors of 584033023?
7, 53, 97, 16229
What are the prime factors of 664453277?
8123, 81799
What are the prime factors of 21852432?
2, 3, 7, 19, 163
List the prime factors of 5403368767.
79, 313, 218521
List the prime factors of 3467860637.
3467860637
What are the prime factors of 145476480?
2, 3, 5, 17, 4457
List the prime factors of 1859562654.
2, 3, 309927109
What are the prime factors of 1553949507?
3, 11, 47089379
What are the prime factors of 1304159377?
29, 853, 52721
What are the prime factors of 481917430?
2, 5, 103, 467881
What are the prime factors of 256446530?
2, 5, 17, 1508509
What are the prime factors of 432382321?
7, 53, 331, 503
List the prime factors of 1101584389.
1101584389
What are the prime factors of 275520931?
7, 433, 90901
What are the prime factors of 22409358?
2, 3, 3734893
What are the prime factors of 8576587?
71, 113, 1069
What are the prime factors of 52448501?
7, 29, 89, 2903
List